rt -12003 (base 4) to base 3.
-112100
13620 (base 12) to base 10
26808
What is -3a75 (base 12) in base 8?
-15071
Convert -20123 (base 5) to base 10.
-1288
Convert 41825 (base 10) to base 16.
a361
What is -37975 (base 10) in base 6?
-451451
Convert 36 (base 8) to base 12.
26
What is 32360 (base 9) in base 14?
7b54
What is -caa2 (base 13) in base 8?
-67032
Convert 1d2 (base 15) to base 4.
12212
-47132 (base 8) to base 10
-20058
Convert -1b6b (base 14) to base 5.
-124440
Convert 592a (base 16) to base 15.
6b6b
What is 7415 (base 8) in base 2?
111100001101
135 (base 8) to base 3
10110
What is 246610 (base 7) in base 16?
b209
-519 (base 13) to base 2
-1101100011
What is -1710 (base 10) in base 9?
-2310
-200122 (base 4) to base 14
-a82
Convert -355 (base 16) to base 5.
-11403
Convert 12213 (base 4) to base 2.
110100111
Convert 306 (base 14) to base 7.
1506
What is -15e5 (base 16) in base 15?
-19da
What is 3c24 (base 15) in base 6?
135311
What is -1210001 (base 3) in base 7?
-3532
1631 (base 9) to base 15
57d
-1064 (base 11) to base 16
-579
What is 3976 (base 13) in base 2?
10000000010001
What is -5203 (base 7) in base 14?
-93a
What is -173 (base 12) in base 13?
-14a
What is -2c6 (base 15) in base 13?
-39c
What is d2 (base 14) in base 5?
1214
What is -1341 (base 5) in base 13?
-140
-928 (base 12) to base 15
-5d8
-162 (base 7) to base 3
-10110
Convert 5c8 (base 16) to base 8.
2710
Convert 21221 (base 3) to base 2.
11010110
963 (base 11) to base 13
6b1
Convert -63 (base 14) to base 2.
-1010111
What is 116 (base 13) in base 9?
228
What is 11151 (base 8) in base 10?
4713
What is -3461 (base 8) in base 12?
-1095
What is -21485 (base 9) in base 11?
-a787
Convert -11223 (base 4) to base 2.
-101101011
5eb (base 16) to base 2
10111101011
Convert -a63 (base 12) to base 11.
-1158
Convert -677 (base 9) to base 3.
-202121
What is -1272 (base 8) in base 6?
-3122
4e (base 16) to base 7
141
What is -440214 (base 5) in base 13?
-6b15
What is 9151 (base 12) in base 16?
3d8d
What is 36175 (base 8) in base 10?
15485
200012201 (base 3) to base 10
13276
21651 (base 7) to base 10
5475
What is 771 (base 11) in base 5?
12200
What is 2536 (base 11) in base 10?
3306
What is -81c (base 14) in base 5?
-22334
43450 (base 6) to base 13
2970
Convert fee0 (base 16) to base 13.
23911
-127b (base 16) to base 15
-1606
Convert 11222 (base 3) to base 6.
342
16876 (base 11) to base 15
7038
What is -245 (base 12) in base 5?
-2331
-1b62 (base 16) to base 5
-211020
1a39 (base 12) to base 10
3213
Convert -18084 (base 9) to base 13.
-58a2
708 (base 14) to base 9
1803
48a26 (base 11) to base 12
3492a
-c8e2 (base 15) to base 13
-16472
-3726 (base 11) to base 2
-1001100000100
Convert 26a (base 15) to base 5.
4200
262064 (base 7) to base 16
be70
What is -710 (base 16) in base 15?
-808
Convert 1110000000 (base 2) to base 16.
380
Convert -6513 (base 9) to base 6.
-34103
What is 2ba (base 16) in base 15?
318
-102123 (base 4) to base 14
-603
2340 (base 13) to base 16
1359
What is 32735 (base 8) in base 9?
20821
Convert -4aa (base 16) to base 14.
-614
8832 (base 11) to base 15
36bb
What is -2333 (base 9) in base 8?
-3303
What is -759 (base 15) in base 2?
-11001111011
-3ab (base 14) to base 12
-517
Convert -18a1 (base 11) to base 10.
-2410
11103 (base 5) to base 14
3d8
-33363 (base 9) to base 10
-22170
What is -852 (base 10) in base 3?
-1011120
Convert -11212233 (base 4) to base 6.
-254143
Convert -33506 (base 9) to base 7.
-121650
463 (base 14) to base 9
1167
What is -ca (base 13) in base 4?
-2212
What is 334054 (base 6) in base 12?
1432a
What is 203212 (base 5) in base 13?
3070
Convert 2b93 (base 12) to base 7.
21006
-72c (base 14) to base 2
-10110000100
What is 1343 (base 6) in base 15?
186
What is 11584 (base 9) in base 14?
2b91
What is -27025 (base 11) in base 8?
-113342
Convert -39de (base 15) to base 3.
-121221202
Convert 105 (base 10) to base 13.
81
Convert -1367 (base 8) to base 7.
-2133
Convert -2132 (base 4) to base 13.
-c2
What is -30 (base 10) in base 13?
-24
ca7 (base 13) to base 3
2222012
303131 (base 5) to base 16
263f
What is -12000 (base 5) in base 6?
-4015
113515 (base 6) to base 16
26b7
What is -1513 (base 7) in base 4?
-21112
Convert -1420 (base 12) to base 15.
-a53
What is 32616 (base 7) in base 13?
3966
Convert -2212234 (base 5) to base 3.
-1221201212
91 (base 11) to base 4
1210
11220100 (base 3) to base 12
2099
-12160 (base 12) to base 15
-7373
-203230 (base 6) to base 3
-211100100
-2173a (base 11) to base 3
-1121012210
What is 2d08 (base 14) in base 4?
1331230
Convert -635 (base 8) to base 15.
-1c8
29a (base 11) to base 2
101011111
Convert 1260 (base 7) to base 9.
586
Convert 2394 (base 10) to base 15.
a99
Convert -1b41 (base 14) to base 12.
-2a51
What is 111010111000 (base 2) in base 9?
5146
-2a73 (base 16) to base 9
-15814
2cd (base 14) to base 16
23d
2206 (base 8) to base 16
486
What is -12da (base 16) in base 6?
-34202
-67b (base 13) to base 16
-45c
-410 (base 10) to base 8
-632
-4610 (base 8) to base 12
-14b4
What is 34100 (base 6) in base 9?
6510
Convert 6eeb (base 16) to base 5.
1402040
10308 (base 9) to base 5
204222
3254 (base 7) to base 2
10010001110
Convert -127 (base 10) to base 5.
-1002
What is -4336 (base 8) in base 10?
-2270
What is -2582 (base 15) in base 12?
-4765
-3185 (base 11) to base 7
-15160
Convert -117 (base 15) to base 3.
-100011
45114 (base 7) to base 2
10110001110011
120150 (base 7) to base 12
10679
Convert 2e6 (base 15) to base 6.
3030
What is 1412 (base 11) in base 6?
12244
Convert -28a59 (base 11) to base 16.
-a0f4
Convert 1400 (base 12) to base 8.
4400
Convert -11001001 (base 2) to base 12.
-149
-100655 (base 8) to base 4
-20012231
What is -423 (base 11) in base 4?
-13331
125 (base 10) to base 2
1111101
What is 677 (base 12) in base 14?
4c3
-299 (base 15) to base 9
-730
Convert 902 (base 13) to base 9.
2072
Convert 3032133 (base 4) to base 13.
6027
What is -1646 (base 14) in base 10?
-3982
1314 (base 14) to base 8
6426
19bc (base 16) to base 2
1100110111100
Convert 2cc (base 13) to base 16.
1fa
-11362 (base 8) to base 16
-12f2
2c4e (base 16) to base 9
16502
What is -4b (base 13) in base 11?
-58
What is 14376 (base 13) in base 5?
2203303
2155 (base 6) to base 13
2c9
-1506 (base 9) to base 8
-2164
Convert 405a (base 14) to base 6.
123104
What is 1838d (base 14) in base 11?
41989
13210 (base 4) to base 8
744
Convert 2121 (base 6) to base 12.
341
What is -2a28 (base 11) in base 4?
-330332
-3cb8 (base 13) to base 12
-50aa
What is 100110101101100 (base 2) in base 7?
111533
Convert -3320 (base 7) to base 10.
-1190
What is -6853 (base 12) in base 4?
-2310333
-214210 (base 5) to base 15
-2305
100121 (base 3) to base 16
103
10000010000011 (base 2) to base 11
6287
-3224 (base 5) to base 16
-1b7
-232121 (base 5) to base 12
-4a4b
Convert -33111 (base 5) to base 9.
-3114
What is -238 (base 14) in base 12?
-30a
What is -562 (base 13) in base 6?
-4141
What is -131231 (base 4) in base 6?
-12445
What is -112101 (base 6) in base 12?
-5631
Convert 728 (base 14) to base 8.
2600
153 (base 13) to base 6
1033
What is 6541 (base 9) in base 14?
1a80
What is -1640 (base 10) in base 3?
-2020202
14323 (base 8) to base 14
245d
2036 (base 10) to base 7
5636
-101000001 (base 2) to base 12
-229
Convert 424 (base 7) to base 16.
d6
What is 5792 (base 10) in base 3?
21221112
What is -11021110 (base 3) in base 9?
-4243
What is -221b (base 16) in base 13?
-3c88
6123 (base 7) to base 3
2220200
Convert -289 (base 11) to base 15.
-179
Convert -122220 (base 3) to base 16.
-1e3
What is 11a57 (base 15) in base 9?
85241
Convert 1e1 (base 15) to base 16.
1b4
Convert -201 (base 6) to base 4.
-1021
Convert 3455 (base 10) to base 2.
110101111111
Convert -316560 (base 7) to base 11.
-384a2
What is 202200011 (base 3) in base 8?
35336
10786 (base 10) to base 3
112210111
Convert 34 (base 9) to base 7.
43
What is -d44 (base 16) in base 9?
-4583
Convert -332 (base 5) to base 16.
-5c
1022102122 (base 3) to base 10
25829
-2155 (base 7) to base 2
-1100000111
What is -201211 (base 3) in base 8?
-1027
-413101 (base 5) to base 15
-401b
2528 (base 9) to base 6
12425
22112110 (base 3) to base 16
184e
What is -101010001101000 (base 2) in base 15?
-6608
What is 17657 (base 9) in base 4?
2332222
-20b2 (base 